738582120?
True
Does 134 divide 37717248?
True
Is 38879341 a multiple of 47?
False
Does 347 divide 590385224?
False
Is 17221496 a multiple of 8?
True
Does 50 divide 75466750?
True
Does 1138 divide 262242795?
False
Is 171198379 a multiple of 6?
False
Is 1044383 a multiple of 3?
False
Does 130 divide 268284614?
False
Is 867 a factor of 481426596?
False
Is 22626000 a multiple of 2250?
True
Does 782 divide 614343110?
True
Is 2976234784 a multiple of 16?
True
Does 2585 divide 46604965?
True
Does 4 divide 9679696?
True
Is 342 a factor of 277747776?
True
Is 9 a factor of 7725979?
False
Is 97608347 a multiple of 398?
False
Is 441720523 a multiple of 124?
False
Does 167 divide 38738761?
False
Is 73581516 a multiple of 12?
True
Is 1160945169 a multiple of 90?
False
Is 3949306 a multiple of 166?
True
Does 1159 divide 689544307?
False
Is 2019330506 a multiple of 13457?
True
Does 537 divide 259326429?
True
Is 46 a factor of 203038572?
True
Does 73 divide 3017544790?
True
Is 777063441 a multiple of 33?
True
Is 1044 a factor of 145237551?
False
Is 114 a factor of 557688?
True
Does 122 divide 43117761?
False
Is 1860916554 a multiple of 1689?
True
Does 1014 divide 2207821664?
False
Is 50413688 a multiple of 155?
False
Is 437112223 a multiple of 19?
False
Does 7 divide 19821410?
True
Is 5 a factor of 11244033?
False
Does 8 divide 6975124?
False
Is 783 a factor of 1901981574?
False
Is 2218496130 a multiple of 1182?
False
Does 162 divide 15275304?
True
Does 452 divide 21297103?
False
Is 1136658751 a multiple of 121?
False
Does 16 divide 38960894?
False
Is 111524389 a multiple of 19?
False
Is 254851469 a multiple of 4732?
False
Does 132 divide 14036366?
False
Is 6 a factor of 347902140?
True
Does 45 divide 27706886?
False
Is 48 a factor of 17152128?
True
Is 35459651 a multiple of 1347?
False
Is 74 a factor of 699094798?
True
Is 271274304 a multiple of 124?
True
Is 1782 a factor of 6247125324?
True
Is 38 a factor of 3025579?
False
Is 19022417 a multiple of 810?
False
Does 69 divide 9214950?
True
Is 32 a factor of 290041336?
False
Does 2177 divide 160026916?
True
Does 166 divide 51963147?
False
Does 77 divide 2415321560?
False
Is 302141230 a multiple of 2770?
False
Is 7 a factor of 3498262?
False
Does 127 divide 5801585584?
False
Is 108822183 a multiple of 30?
False
Is 2837 a factor of 87007038?
False
Is 23 a factor of 2177039815?
True
Does 426 divide 106748358?
True
Does 6 divide 4802502?
True
Does 8 divide 141942464?
True
Does 25 divide 213835752?
False
Is 14 a factor of 27498646?
True
Is 433 a factor of 21327415?
True
Is 188595085 a multiple of 1104?
False
Does 531 divide 158989365?
True
Is 164 a factor of 63427000?
True
Is 6542 a factor of 1764533417?
False
Is 3433 a factor of 14889304?
False
Is 101513138 a multiple of 1586?
False
Is 26135191 a multiple of 326?
False
Is 1797 a factor of 22773103?
False
Does 13 divide 2685072?
True
Is 86 a factor of 16720894?
True
Is 228404885 a multiple of 193?
True
Does 5 divide 108207620?
True
Is 25 a factor of 1876820225?
True
Is 7 a factor of 392630414?
False
Does 13 divide 5495101?
False
Is 11383839 a multiple of 2?
False
Is 7121714 a multiple of 16?
False
Is 7167314 a multiple of 16?
False
Is 33 a factor of 201146451?
True
Is 41 a factor of 19794349?
True
Is 9706994 a multiple of 2038?
True
Does 340 divide 10019120?
True
Is 45 a factor of 15082595?
False
Is 422 a factor of 717853701?
False
Does 611 divide 1905860528?
True
Is 6105535 a multiple of 235?
True
Is 2 a factor of 3989794?
True
Is 1065707076 a multiple of 84?
True
Does 66 divide 330978614?
False
Does 166 divide 21093952?
True
Is 687940995 a multiple of 5?
True
Is 136527672 a multiple of 317?
False
Is 933 a factor of 868909673?
False
Is 68 a factor of 63153844?
True
Is 304552298 a multiple of 1109?
False
Is 26714810 a multiple of 109?
True
Does 45 divide 309326535?
True
Is 90 a factor of 2575407035?
False
Is 107678010 a multiple of 807?
True
Is 41581499 a multiple of 107?
False
Does 482 divide 98535010?
False
Is 55404566 a multiple of 89?
False
Does 3571 divide 696423562?
True
Is 9065454 a multiple of 366?
True
Is 240 a factor of 37313760?
True
Is 28616342 a multiple of 33?
False
Is 947056 a multiple of 88?
True
Does 70 divide 15101401?
False
Is 69409450 a multiple of 11?
True
Is 18 a factor of 130981732?
False
Is 359758164 a multiple of 23?
False
Does 91 divide 5609778?
False
Is 9347672 a multiple of 41?
True
Is 416 a factor of 428167584?
True
Does 218 divide 85674?
True
Does 704 divide 239645686?
False
Is 5110913489 a multiple of 4499?
True
Does 14 divide 9186338?
True
Does 30 divide 6485670?
True
Does 42 divide 2747075316?
False
Is 59368967 a multiple of 12?
False
Is 1162 a factor of 13216588?
True
Is 153 a factor of 2806141064?
False
Does 46 divide 24829512?
True
Does 40 divide 180964052?
False
Is 3 a factor of 14973859?
False
Does 7022 divide 148749202?
False
Does 26 divide 278258656?
True
Does 1059 divide 342507075?
True
Is 1422180 a multiple of 60?
True
Does 39 divide 4934530?
False
Is 17 a factor of 1153073765?
False
Is 267379154 a multiple of 143?
False
Does 877 divide 107900809?
False
Is 8 a factor of 297347116?
False
Is 9718251 a multiple of 776?
False
Is 1082 a factor of 354152666?
True
Is 50236047 a multiple of 5?
False
Does 525 divide 20337077?
False
Does 34 divide 1304012064?
True
Is 150859964 a multiple of 14?
False
Is 64465351 a multiple of 54?
False
Is 139201086 a multiple of 6?
True
Does 546 divide 32320850?
False
Is 43359889 a multiple of 26?
False
Is 81725578 a multiple of 32?
False
Is 1128099973 a multiple of 77?
True
Is 3641 a factor of 130617234?
True
Is 7247 a factor of 4495430052?
True
Is 798375888 a multiple of 6?
True
Is 58 a factor of 37496412?
False
Does 717 divide 61298481?
True
Is 143831610 a multiple of 2421?
True
Does 363 divide 7856932?
False
Does 23 divide 39558435?
False
Does 406 divide 9981104?
True
Does 1660 divide 38012806?
False
Is 1843592191 a multiple of 301?
True
Is 187198816 a multiple of 14?
True
Does 2 divide 5669083?
False
Is 27846275 a multiple of 1449?
False
Is 356153622 a multiple of 66?
True
Is 8289234 a multiple of 57?
False
Does 22 divide 168006533?
False
Is 149 a factor of 4848311?
True
Is 965062533 a multiple of 1914?
False
Is 241 a factor of 844853456?
True
Does 128 divide 68239232?
True
Is 85137208 a multiple of 13?
True
Is 210356235 a multiple of 101?
True
Does 3551 divide 323961281?
True
Is 863 a factor of 41720009?
True
Is 9981225 a multiple of 279?
True
Is 2111 a factor of 655670411?
False
Does 4 divide 1382833624?
True
Is 529000860 a multiple of 28?
False
Does 19 divide 472700155?
False
Is 345 a factor of 2320024260?
True
Is 7314 a factor of 1045989768?
True
Does 180 divide 612285826?
False
Does 78 divide 19038552?
True
Is 1108449512 a multiple of 38?
True
Is 3398 a factor of 403681074?
False
Is 73869600 a multiple of 28?
True
Is 486 a factor of 54766565?
False
Is 311718201 a multiple of 134?
False
Does 353 divide 265454692?
False
Is 1018 a factor of 368814403?
False
Does 42 divide 5664784146?
True
Is 65 a factor of 255726055?
True
Is 74705785 a multiple of 171?
False
Does 896 divide 874040856?
False
Is 2163 a factor of 75685533?
True
Is 51248736 a multiple of 3?
True
Is 197673300 a multiple of 490?
False
Does 12 divide 46968156?
True
Is 10 a factor of 99128440?
True
Does 215 divide 227380345?
True
Is 12 a factor of 293437341?
False
Is 24 a factor of 26952266?
False
Is 8451836 a multiple of 148?
True
Is 34 a factor of 22345409?
False
Does 300 divide 1088435400?
True
Is 685981888 a multiple of 830?
False
Is 44362149 a multiple of 13?
True
Is 977 a factor of 41416007?
True
Does 183 divide 5458474?
False
Does 5 divide 1868315?
True
Does 523 divide 143252577?
False
Does 64 divide 73616192?
True
Is 71 a factor of 9266063?
False
Is 8 a factor of 72541890?
False
Does 6 divide 1703225?
False
Is 5074 a factor of 1383106438?
True
Is 187 a factor of 2272050?
True
Does 563 divide 34315715?
False
Does 40 divide 674587640?
True
Does 310 divide 25968390?
True
Is 2155197745 a multiple of 445?
True
Is 5047177268 a multiple of 44?
False
Does 36 divide 171289093?
False
Is 19578335 a multiple of 23?
False
Does 18 divide 472188998?
False
Is 320 a factor of 536166937?
False
Does 9 divide 75778182?
True
Is 268068575 a mu